. List the prime factors of k.
2, 29, 197
Suppose 3*g - 4 = -d, 3*d + 1 = -3*g + 13. Suppose g = 36*z - 53*z + 7293. What are the prime factors of z?
3, 11, 13
Suppose -20*m - 107968 = -36*m. List the prime factors of m.
2, 7, 241
Let a be 15/1*(-2)/(-5)*1. List the prime factors of a/4*(-2 + 4070/33).
2, 7, 13
Suppose -r = 3*r - x - 41, -r + 2*x = -19. Suppose 65380 = -16*p + r*p. What are the prime factors of p/(-60) + (-2)/3?
5, 31
Let r be 21/(4 + -7)*-1. Suppose -3*v + 1074 = 5*c, -22 = -5*v - r. Let x = c - 105. List the prime factors of x.
2, 3
What are the prime factors of 6/20 - (-6045585)/1050?
2, 2879
List the prime factors of (10119/(-2))/((-6)/(-66) + (-561)/2178).
3, 3373
Suppose 3 = 2*c + h, 3*h + 6 = 5*c + 6*h. Suppose 4*f = -4, -c*s + s - 4*f + 46 = 0. Suppose 0 = t + 2*t - 5*j - 619, -5*j = s. List the prime factors of t.
2, 3, 11
Let j be 1/7 - (8 - (-3946)/(-14)). Let u = -139 + j. What are the prime factors of u?
3, 5
Let l be 151338/154 - (-4)/14. Let m = l - 247. What are the prime factors of m?
2, 23
List the prime factors of ((-80)/14 + -2)/(33/(-22946)).
2, 3, 149
Suppose -5*p + 15*p = 2*p + 131552. List the prime factors of p.
2, 4111
Suppose 2*d = 3*g - 1, 2*d + 2*d = -g + 19. Let n(i) = -8*i + i**3 + 14 - 5*i**3 - 6*i**2 - g*i**3 + 8*i**3. List the prime factors of n(8).
2, 3, 13
Suppose y = 5*y - 12, 5*s + y - 368 = 0. Let x(z) = -72*z - s*z + 152*z + 11. What are the prime factors of x(16)?
3, 41
Suppose -51991 + 415319 = 32*m. What are the prime factors of m?
2, 7, 811
Let m(v) be the third derivative of 5*v**4/4 - 22*v**3/3 + 4*v**2 + 8*v. What are the prime factors of m(6)?
2, 17
Let w(j) be the third derivative of j**4/12 + 5*j**3 + 16*j**2. Let a be w(-15). Suppose a = -3*n + 4*n - 5. List the prime factors of n.
5
Suppose 0 = 5*w - 6 - 14. Suppose 472 = 4*b - w*l + 16, 0 = -2*l - 2. Suppose u + 2*m = -m + b, -u + 3*m = -83. What are the prime factors of u?
2, 7
Let h be (7*2)/(2/20*-1). Let n be (6/(-4))/(21/h). Suppose 12*v - n*v = 246. List the prime factors of v.
3, 41
Let d = 104 + -106. What are the prime factors of (d + 608/3)*12/8?
7, 43
Suppose 17 - 33 = x. Let c = x - -21. Suppose -11*i = -c*i - 720. What are the prime factors of i?
2, 3, 5
Let v(g) = g**3 + 46*g**2 + 59*g - 295. List the prime factors of v(-28).
3, 5, 811
Let a(b) = 25*b**2 - 2*b - 1. Let r be a(-1). Suppose 40*u - 4723 = 2077. Suppose 4*s = u - r. What are the prime factors of s?
2, 3
Suppose -10*g + 5619 = -1761. Let x = g + -659. What are the prime factors of x?
79
Let o(a) = a**3 + 6*a**2 - 2*a - 9. Let r be o(-6). Suppose 5*q = -2*z + 485, r*q - 42 = -4*z + 263. Let l = q + -60. List the prime factors of l.
5, 7
Let l be 6*-7*33/(-22) - -2. Suppose 14*z - l = 13*z. Let w = z + -56. What are the prime factors of w?
3
What are the prime factors of (7 + 96261/(-44))*-4?
11, 13, 61
Let s(r) = 381*r**2 - 55*r + 79. What are the prime factors of s(11)?
5, 1823
Let n(w) be the second derivative of w**4/6 + 3*w**3/2 + 3*w**2 - 117*w. What are the prime factors of n(-9)?
3, 29
Suppose -50 - 13 = -t + 3*c, -3*t + 228 = 4*c. Let v = -133 + t. Let d = 68 + v. What are the prime factors of d?
7
Suppose -3*a = 5*b - a - 21, -a - 2 = 0. Suppose -235 = -b*l - 2*x, 5*x + 33 = 8. Let t = l + 117. What are the prime factors of t?
2, 83
Suppose -3*u - 12*n + 8 = -8*n, 2 = -3*u + n. Let j(i) = 3*i + 37. Let r(o) = 2*o + 19. Let q(t) = 3*j(t) - 5*r(t). List the prime factors of q(u).
2
List the prime factors of 1665/(-20)*26036/(-69).
3, 37, 283
Let m(k) = 2 + 7 + 4 + 4*k. Let g be m(-4). List the prime factors of -1*(-1 - g) + 56.
2, 3
Suppose 21199 = 5*r - 7826. Suppose 7*x - r = -660. Suppose -10*z + 3*z + x = 0. What are the prime factors of z?
3, 5, 7
Let p(h) = -h**3 - 9*h**2 - 7*h - 34. Let q be p(-8). List the prime factors of ((-12)/q)/(3/651).
2, 31
Suppose 30*c + 77*c + 85*c = 5183040. List the prime factors of c.
5, 5399
Let l(q) = 43*q - 2. Let p be l(4). Let b = p + 277. What are the prime factors of b?
3, 149
Let w(l) = -42*l - 1142. What are the prime factors of w(-58)?
2, 647
Let i = 149 + -135. What are the prime factors of (3/18*i)/((-13)/(-4368))?
2, 7
Let z(i) = -349*i**3 - 13*i**2 - 7*i - 19. Let r be z(-5). List the prime factors of (52/12 - 3) + r/39.
2, 139
Let x(p) = p**2 + 9*p - 90. Let r be x(6). Suppose r = q, -n = -2*q - 540 - 216. What are the prime factors of n?
2, 3, 7
What are the prime factors of (-2)/((-221403)/(-738210) + 1 + 13/(-10))?
11, 2237
Suppose 5*w = 15 + 25. Let f = w + -22. List the prime factors of 8/f*(-2072)/16.
2, 37
Let h = -701 + 281. Let n(i) = i**3 + 18*i**2 + 17*i + 19. Let z be n(-13). Let j = h + z. What are the prime factors of j?
223
Suppose -2316232 = -53*l - 417878. What are the prime factors of l?
2, 17909
Suppose 24*b = 9*b - 150. List the prime factors of (-70)/28*3524/b.
881
Suppose 4*g = 3*n - 96039 + 32729, 2*n + 4*g = 42160. What are the prime factors of n?
2, 53, 199
Let o(u) = 0*u - 2*u + 31 + 3*u - 4*u. Let j(y) = -y**2 + 10*y - 8. Let n be j(11). What are the prime factors of o(n)?
2, 11
Suppose -2011306 - 229078 = -184*p. List the prime factors of p.
2, 761
Let d be -1 - (-124)/28 - 20/(-35). Let p(o) = 86*o + 81. What are the prime factors of p(d)?
5, 17
Let i(p) be the second derivative of p**4/12 - 17*p**3/6 - 67*p**2/2 + 21*p - 3. What are the prime factors of i(-8)?
7, 19
Suppose -4*u + 22015 = l - 27003, -61286 = -5*u + l. What are the prime factors of u?
2, 383
Suppose -72 = -63*m + 72*m. Let c(f) = -17*f + 49. What are the prime factors of c(m)?
5, 37
Let r(c) = -9749*c - 1406. List the prime factors of r(-5).
47339
Let r(p) = 1716*p**3 + 2*p**2 - 97*p + 189. What are the prime factors of r(2)?
3, 23, 199
Let b(t) = 2*t**2 - 12*t + 7. Let v be b(6). Suppose 5*l - v*l = -140. Let z = -38 + l. List the prime factors of z.
2
Let a(w) = 4*w**2 + 105*w + 10. Let c be a(-26). Let k(d) = -d**3 - 12*d**2 - 17*d + 34. List the prime factors of k(c).
2, 5, 7, 19
Suppose 0 = -2*c - 5 + 23. Let w be (c/(-2))/(20/(-240)). Let l = w - 16. What are the prime factors of l?
2, 19
Let r be (-186)/(-10) + (-6)/(-15). Suppose r*o - 23*o + 56 = 0. What are the prime factors of 10/((-50)/(-15)) - (0 - o)?
17
Suppose 1 = -11*k + 1. Suppose -8*d + 6399 - 2183 = k. List the prime factors of d.
17, 31
Suppose -k = 6*k - 945. Suppose -4*t - t = -k. Suppose -10*s + 7*s + t = 0. List the prime factors of s.
3
Let c(d) = -36*d**3 - 11*d**2 + 21*d + 144. What are the prime factors of c(-9)?
2, 3, 19, 37
Suppose 4*b - 3 = 3*q, 4*q - 9*q = -2*b - 9. Let x(u) = -29*u**3 - u + u**2 + 1 - 3*u**2 + 35*u**q + 2. What are the prime factors of x(2)?
41
Let d be -14 + 20 - 1*-1*-1. Suppose -2*x - d*y + 39 = x, 2*y + 42 = 2*x. List the prime factors of x.
2, 3
What are the prime factors of (100/(-6))/((-18)/(-99) + (-19155)/104445)?
2, 5, 211
List the prime factors of 224/(-36) + 10/45 + 1662.
2, 3, 23
Suppose 23*o - 18810 = 3592. List the prime factors of o.
2, 487
Let k = -6 + 24. Suppose 20*l - k*l = 24. List the prime factors of (l/10)/((-12)/(-630)).
3, 7
Suppose -23*x + 33290 + 24969 - 6394 = 0. List the prime factors of x.
5, 11, 41
What are the prime factors of (5 + 305298/28)/(3*(-2)/(-12))?
21817
Let g(q) = 75*q + 305. Let r be g(-4). Suppose -5*z = p - 505, 0*p = -3*p - 15. Suppose -i + k + z = -0*i, -r*k = -i + 94. List the prime factors of i.
2, 13
Let r(j) = -318*j + 90. List the prime factors of r(-27).
2, 3, 241
Let b(t) be the first derivative of t**3/3 - 5*t**2/2 - t + 39. Let v be b(6). Suppose -10 = -v*s, -354 = 4*z + 2*s - 1266. List the prime factors of z.
227
Let w be (14/2)/((9/(-12))/3). Let u be -1 + 21/w + 3094/8. Suppose 0 = 2*r + 2*r - 3*s - u, -s = -r + 95. What are the prime factors of r?
2, 5
Let b be 412 + 1 - (-5)/(-10)*-8. Let z = b + -3. What are the prime factors of z?
2, 3, 23
Suppose 0 = -r - 5*c + 41, -20 + 117 = 3*r + 2*c. Suppose l = 216 - r. What are the prime factors of l?
5, 37
Let c = 68899 + -36531. What are the prime factors of c?
2, 7, 17
Suppose 13124 + 18621 = 5*u + 4*c, -2*u = -c - 12711. What are the prime factors of u?
6353
Let w(q) = -219*q**3 + 24*q**2 + 65*q - 33. What are the prime factors of w(-4)?
14107
Suppose 0 = 223*r - 14797699 - 676717. W